{"id":300,"date":"2017-06-12T19:40:10","date_gmt":"2017-06-12T18:40:10","guid":{"rendered":"http:\/\/www.plakat-raum-gesellschaft.ch\/web2017\/?page_id=300"},"modified":"2017-09-21T16:01:28","modified_gmt":"2017-09-21T15:01:28","slug":"geschichte","status":"publish","type":"page","link":"https:\/\/www.plakat-raum-gesellschaft.ch\/index.php\/geschichte\/","title":{"rendered":"Meilensteine"},"content":{"rendered":"<p><img loading=\"lazy\" decoding=\"async\" class=\"alignnone size-full wp-image-647\" src=\"https:\/\/www.plakat-raum-gesellschaft.ch\/wp-content\/uploads\/2017\/06\/meilensteine.jpg\" alt=\"Meilensteine\" width=\"640\" height=\"250\" srcset=\"https:\/\/www.plakat-raum-gesellschaft.ch\/wp-content\/uploads\/2017\/06\/meilensteine.jpg 640w, https:\/\/www.plakat-raum-gesellschaft.ch\/wp-content\/uploads\/2017\/06\/meilensteine-300x117.jpg 300w\" sizes=\"auto, (max-width: 640px) 100vw, 640px\" \/><\/p>\n<h3>2006<\/h3>\n<p>29. M\u00e4rz: Gr\u00fcndung des Vereins IG Plakat | Raum | Gesellschaft (IG PRG) mit Sitz in Z\u00fcrich.<\/p>\n<p>20. September: Publikation der <a href=\"https:\/\/www.plakat-raum-gesellschaft.ch\/div-dokumente\/plakat.pdf\" target=\"_blank\" rel=\"noopener noreferrer\">Imagebrosch\u00fcre<\/a>, gestaltet von Helm Pfohl und Christoph Frei.<\/p>\n<h3>2007<\/h3>\n<p>17. Januar: Als Guerilla-Aktion setzt die\u00a0IG PRG im Kaufleuten zur <a href=\"https:\/\/www.plakat-raum-gesellschaft.ch\/index.php\/2007\/01\/18\/pressemitteilung-ig-plakat-raum-gesellschaft-markiert-prasenz-an-der-egon-verleihung\/\">Egon-Verleihung des \u00abWerber des Jahres\u00bb<\/a>\u00a0der vereinten Werbewelt eigene kleine und grosse Botschaften vor die Nase. Gleichentags lanciert der Verein seine Website.<\/p>\n<p>10. Mai:\u00a0Die IG PRG reicht Stadtr\u00e4tin Kathrin Martelli eine <a href=\"https:\/\/www.plakat-raum-gesellschaft.ch\/index.php\/2007\/05\/10\/zurich-petition-zur-halbierung-der-aussenwerbung-eingereicht\/\">Petition\u00a0mit 567 Unterschriften<\/a> ein, die eine\u00a0Halbierung der Werbefl\u00e4chen auf dem Gebiet der Stadt Z\u00fcrich fordert, begleitet durch eine Dokumentation mit konkreten Vorschl\u00e4gen.<\/p>\n<p>3. November: Die IG PRG vergibt den\u00a0S.P.\u00d8.R.-Award f\u00fcr das Sch\u00f8nste Plakat im\u00a0\u00f8ffentlichen Raum\u00a0und demonstriert damit, wie eine Alternative zur repetitiven Werbelandschaft in der Stadt Z\u00fcrich aussehen k\u00f6nnte.<\/p>\n<h3>2008<\/h3>\n<p>25. April: Die IG PRG verteilt ein Flugblatt mit einem <a href=\"https:\/\/www.plakat-raum-gesellschaft.ch\/wp-content\/uploads\/2017\/06\/Gossage_25-04-08_A4.pdf\" target=\"_blank\" rel=\"noopener noreferrer\">kritischen Aufsatz des Werbetexters Howard Gossage<\/a>\u00a0am\u00a0\u00abTag der Werbung\u00bb in Luzern. Der Branchenverband <a href=\"https:\/\/www.plakat-raum-gesellschaft.ch\/index.php\/2008\/05\/06\/piero-schafer-leicht-uberholt\/\">Schweizer Werbung reagiert mit einer Polemik<\/a>.<\/p>\n<p>25. Oktober: Die IG PRG reicht beim Z\u00fcrcher Hochbaudepartement ein Auskunftsbegehren ein, um gesicherte Informationen \u00fcber Aussenwerbung in Erfahrung zu bringen. Die Stadt antwortet im Januar 2009.<\/p>\n<h3>2009<\/h3>\n<p>15. Januar\/1. Oktober: Vorstandsmitglied Christian H\u00e4nggi ver\u00f6ffentlicht sein Buch \u00fcber Werbung und Ethik in <a href=\"https:\/\/www.amazon.de\/Hospitality-Age-Media-Representation-Think\/dp\/0974853461\/\" target=\"_blank\" rel=\"noopener noreferrer\">englischer<\/a> und <a href=\"https:\/\/www.amazon.de\/Gastfreundschaft-Zeitalter-medialen-Repr\u00e4sentation-Philosophie\/dp\/3851659007\/\" target=\"_blank\" rel=\"noopener noreferrer\">deutscher<\/a> Sprache.<\/p>\n<p>17. Juni: Christian H\u00e4nggi ver\u00f6ffentlicht den <a href=\"https:\/\/www.plakat-raum-gesellschaft.ch\/index.php\/2009\/06\/17\/blog-die-illusion-der-interaktivitat\/\">ersten<\/a> von rund 30 Blog-Beitr\u00e4gen f\u00fcr den Blog von <a href=\"http:\/\/www.persoenlich.com\">persoenlich.com<\/a>.<\/p>\n<h3>2010<\/h3>\n<p>10. April: Die IG PRG organisiert in der Roten Fabrik ein <a href=\"https:\/\/www.plakat-raum-gesellschaft.ch\/index.php\/2008\/04\/07\/offentliches-gesprach-uber-aussenwerbung-in-zurich\/\">\u00f6ffentliches Gespr\u00e4ch \u00fcber Aussenwerbung in Z\u00fcrich<\/a>. Die Beh\u00f6rden und gegenw\u00e4rtigen und k\u00fcnftigen Stadtr\u00e4te ziehen es vor, dem Anlass fernzubleiben.<\/p>\n<p>1. Mai: Die IG PRG ist am 1.-Mai-Fest auf dem Kasernenareal mit einem Infostand pr\u00e4sent.<\/p>\n<p>7. August: Christian H\u00e4nggi trifft sich in Toronto mit einem Vertreter des <a href=\"http:\/\/www.publicspace.ca\" target=\"_blank\" rel=\"noopener noreferrer\">Toronto Public Space Committee<\/a> f\u00fcr einen Erfahrungsaustausch.<\/p>\n<h3>2011<\/h3>\n<p>27. Mai: Die IG PRG reicht bei der Lauterkeitskommission diverse Beschwerden ein wegen Werbung f\u00fcr alkoholische Getr\u00e4nke in unmittelbarer N\u00e4he von Schulh\u00e4usern. Die Lauterkeitskommission <a href=\"https:\/\/www.plakat-raum-gesellschaft.ch\/index.php\/2011\/05\/14\/lauterkeitskommission-heisst-beschwerde-gegen-clear-channel-gut\/\">heisst die Beschwerden teilweise gut<\/a>.<\/p>\n<p>1. August: Die IG PRG pr\u00e4sentiert an der Z\u00fcrcher Landsgemeinde auf der Ratshausbr\u00fccke den Vorschlag eines <a href=\"https:\/\/www.plakat-raum-gesellschaft.ch\/index.php\/2011\/08\/04\/werbefreier-hauptbahnhof-an-der-zurcher-landsgemeinde\/\">werbefreien Hauptbahnhofs<\/a>. Von \u00fcber 50 Vorschl\u00e4gen erreicht er den 5. Platz.<\/p>\n<p>4. August: Eine Delegation der IG PRG trifft sich mit Daniel Andres, Leiter Zusatzgesch\u00e4fte VBZ, und Thomas Meier, Leiter Verkauf VBZ, f\u00fcr eine Diskussion \u00fcber Tramwerbung. Die Idee eines Tram-Patronats wird geboren (siehe 2012).<\/p>\n<p>21. September: Eine Delegation der IG PRG diskutiert mit sieben Mitgliedern des Z\u00fcrcher Gemeinderats die kommende Ausschreibung zur Bewirtschaftung der Plakatfl\u00e4chen. Daraus resultiert eine Dringliche Schriftliche Anfrage, die 43 Mitglieder des Gemeinderats unterschreiben.<\/p>\n<p>14.\u201316. Oktober: Peter Price und Christian H\u00e4nggi halten eine Poster Presentation mit dem Titel <a href=\"\/wp-content\/uploads\/2017\/06\/global-fusion-poster.jpg\" target=\"_blank\" rel=\"noopener noreferrer\">\u00abOutdoor Advertising: From Ignorance to Disobedience\u00bb<\/a> an der Global Fusion Conference (Thema: Power, Resistance and the Media) in Philadelphia.<\/p>\n<p>29. November: Die IG PRG \u00fcberreicht Stadtrat Andr\u00e9 Odermatt ein Konzept, wie die neuen Plakatausschreibungen gestaltet werden k\u00f6nnten. Er antwortet am 21. Dezember.<\/p>\n<h3>2012<\/h3>\n<p>21. Februar: Die IG PRG wird in von Tele Z\u00fcri in die Sendung <a href=\"http:\/\/www.20min.ch\/telezueri\/?video_id=239562\" target=\"_blank\" rel=\"noopener noreferrer\">TalkT\u00e4glich<\/a> eingeladen, um die neuen Werbetrams zu diskutieren.<\/p>\n<p>3. Mai: Die Vorstandsmitglieder Michael Stebler und Christian H\u00e4nggi lancieren auf eigene Faust die Idee eines Patronats f\u00fcr ein <a href=\"http:\/\/www.das-tram.ch\">werbefreies Tram<\/a>.<\/p>\n<h3>2013<\/h3>\n<p>15. Februar: <a href=\"http:\/\/www.weicherumbruch.ch\" target=\"_blank\" rel=\"noopener noreferrer\">Weicher Umbruch<\/a> gestaltet ein wundersch\u00f6nes Set von drei Postkarten mit dem Titel\u00a0\u00abM\u00f6glichkeiten\u00bb f\u00fcr die IG PRG.<\/p>\n<p>26. Oktober: Die IG PRG unterst\u00fctzt die Demonstration\u00a0<a href=\"https:\/\/www.plakat-raum-gesellschaft.ch\/index.php\/2013\/10\/20\/wem-gehort-zurich-demonstration-und-vortrag\/\">\u00abWem geh\u00f6rt Z\u00fcrich?\u00bb<\/a>, zu der rund 10 000 Menschen erscheinen.<\/p>\n<p>31. Oktober: Im Rahmen von\u00a0\u00abWem geh\u00f6rt Z\u00fcrich?\u00bb h\u00e4lt IG-PRG-Pr\u00e4sident Christian H\u00e4nggi einen Vortrag mit dem Titel\u00a0<a href=\"http:\/\/www.corner-college.com\/Veranstaltungen\/1383174000\/768\" target=\"_blank\" rel=\"noopener noreferrer\">\u00abWem geh\u00f6ren die Plakatw\u00e4nde?\u00bb<\/a><\/p>\n<p>Dezember: Die IG PRG diskutiert mit Dritten, ob eine kantonale Volksinitiative zur Verringerung der Aussenwerbung lanciert werden soll, verwirft die Idee aber aufgrund der hohen Kosten und Mangel an Personal.<\/p>\n<h3>2015<\/h3>\n<p>26. &amp; 28. Februar: IG-PRG-Pr\u00e4sident Christian H\u00e4nggi h\u00e4lt zwei Vortr\u00e4ge \u00fcber Aussenwerbung an der Kennesaw State University in Georgia, USA.<\/p>\n<p>3. Juni: Die IG PRG \u00fcberreicht Stadtrat Andr\u00e9 Odermatt eine <a href=\"http:\/\/www.sch\u00f6nes-z\u00fcrich.ch\">Petition mit 520 Unterschriften<\/a>, die einen Verzicht auf Werbebildschirme und weitere Leuchtdrehs\u00e4ulen fordert. Die Antwort erfolgt am 5. November.<\/p>\n<p>16. Dezember: Daniel Morgenthaler f\u00fchrt mit Christian H\u00e4nggi ein <a href=\"https:\/\/www.stadt-zuerich.ch\/kultur\/de\/index\/institutionen\/helmhaus\/veranstaltungen\/5-Uhr-These\/These01512.html\" target=\"_blank\" rel=\"noopener noreferrer\">\u00f6ffentliches Gespr\u00e4ch<\/a> \u00fcber Aussenwerbung anl\u00e4sslich der Ausstellung Welt\u00a0\u2013 Bilder im Helmhaus.<\/p>\n<h3>2016<\/h3>\n<p>1. Februar: Die IG PRG ver\u00f6ffentlicht ein\u00a0<a href=\"https:\/\/www.plakat-raum-gesellschaft.ch\/index.php\/2016\/02\/01\/skiferien-ohne-werbeunterbrechung-ig-prg-veroffentlicht-buchlein-mit-werbefreien-skigebieten\/\">B\u00fcchlein mit werbefreien Skigebieten<\/a>, gestaltet von Miriam Mura.<\/p>\n<p>21. April: Die IG PRG feiert ihr zehnj\u00e4hriges Jubil\u00e4um.<\/p>\n<p>24. Dezember: Die IG PRG verschenkt das Buch <a href=\"https:\/\/www.plakat-raum-gesellschaft.ch\/index.php\/2016\/12\/17\/frohe-festtage-ig-prg-schenkt-entscheidungstragern-buch-uber-werbung\/\"><em>Werbung &#8211; Nein danke<\/em><\/a> an ausgew\u00e4hlte Entscheidungstr\u00e4ger.<\/p>\n<h3>2017<\/h3>\n<p>21. September: Die IG PRG lanciert nach zehn Jahren eine neue Website, finanziert durch eine Spende, die aus dem Verkauf von APG-Aktien zustandegekommen ist.<\/p>\n","protected":false},"excerpt":{"rendered":"<p>2006 29. M\u00e4rz: Gr\u00fcndung des Vereins IG Plakat | Raum | Gesellschaft (IG PRG) mit Sitz in Z\u00fcrich. 20. September: Publikation der Imagebrosch\u00fcre, gestaltet von Helm Pfohl und Christoph Frei. 2007 17. Januar: Als Guerilla-Aktion setzt die\u00a0IG PRG im Kaufleuten zur Egon-Verleihung des \u00abWerber des Jahres\u00bb\u00a0der vereinten Werbewelt eigene kleine und grosse Botschaften vor die Nase. Gleichentags lanciert der Verein seine Website. 10. Mai:\u00a0Die IG PRG reicht Stadtr\u00e4tin Kathrin Martelli&hellip; <a href=\"https:\/\/www.plakat-raum-gesellschaft.ch\/index.php\/geschichte\/\" class=\"more-link\">Weiterlesen <span class=\"meta-nav\">&rarr;<\/span><\/a><\/p>\n","protected":false},"author":1,"featured_media":0,"parent":0,"menu_order":0,"comment_status":"closed","ping_status":"closed","template":"","meta":{"footnotes":""},"class_list":["post-300","page","type-page","status-publish","hentry"],"_links":{"self":[{"href":"https:\/\/www.plakat-raum-gesellschaft.ch\/index.php\/wp-json\/wp\/v2\/pages\/300","targetHints":{"allow":["GET"]}}],"collection":[{"href":"https:\/\/www.plakat-raum-gesellschaft.ch\/index.php\/wp-json\/wp\/v2\/pages"}],"about":[{"href":"https:\/\/www.plakat-raum-gesellschaft.ch\/index.php\/wp-json\/wp\/v2\/types\/page"}],"author":[{"embeddable":true,"href":"https:\/\/www.plakat-raum-gesellschaft.ch\/index.php\/wp-json\/wp\/v2\/users\/1"}],"replies":[{"embeddable":true,"href":"https:\/\/www.plakat-raum-gesellschaft.ch\/index.php\/wp-json\/wp\/v2\/comments?post=300"}],"version-history":[{"count":75,"href":"https:\/\/www.plakat-raum-gesellschaft.ch\/index.php\/wp-json\/wp\/v2\/pages\/300\/revisions"}],"predecessor-version":[{"id":723,"href":"https:\/\/www.plakat-raum-gesellschaft.ch\/index.php\/wp-json\/wp\/v2\/pages\/300\/revisions\/723"}],"wp:attachment":[{"href":"https:\/\/www.plakat-raum-gesellschaft.ch\/index.php\/wp-json\/wp\/v2\/media?parent=300"}],"curies":[{"name":"wp","href":"https:\/\/api.w.org\/{rel}","templated":true}]}}

<p><img loading="lazy" decoding="async" class="alignnone size-full wp-image-647" src="https://www.plakat-raum-gesellschaft.ch/wp-content/uploads/2017/06/meilensteine.jpg" alt="Meilensteine" width="640" height="250" srcset="https://www.plakat-raum-gesellschaft.ch/wp-content/uploads/2017/06/meilensteine.jpg 640w, https://www.plakat-raum-gesellschaft.ch/wp-content/uploads/2017/06/meilensteine-300x117.jpg 300w" sizes="auto, (max-width: 640px) 100vw, 640px" /></p>
<h3>2006</h3>
<p>29. März: Gründung des Vereins IG Plakat | Raum | Gesellschaft (IG PRG) mit Sitz in Zürich.</p>
<p>20. September: Publikation der <a href="https://www.plakat-raum-gesellschaft.ch/div-dokumente/plakat.pdf" target="_blank" rel="noopener noreferrer">Imagebroschüre</a>, gestaltet von Helm Pfohl und Christoph Frei.</p>
<h3>2007</h3>
<p>17. Januar: Als Guerilla-Aktion setzt die IG PRG im Kaufleuten zur <a href="https://www.plakat-raum-gesellschaft.ch/index.php/2007/01/18/pressemitteilung-ig-plakat-raum-gesellschaft-markiert-prasenz-an-der-egon-verleihung/">Egon-Verleihung des «Werber des Jahres»</a> der vereinten Werbewelt eigene kleine und grosse Botschaften vor die Nase. Gleichentags lanciert der Verein seine Website.</p>
<p>10. Mai: Die IG PRG reicht Stadträtin Kathrin Martelli eine <a href="https://www.plakat-raum-gesellschaft.ch/index.php/2007/05/10/zurich-petition-zur-halbierung-der-aussenwerbung-eingereicht/">Petition mit 567 Unterschriften</a> ein, die eine Halbierung der Werbeflächen auf dem Gebiet der Stadt Zürich fordert, begleitet durch eine Dokumentation mit konkreten Vorschlägen.</p>
<p>3. November: Die IG PRG vergibt den S.P.Ø.R.-Award für das Schønste Plakat im øffentlichen Raum und demonstriert damit, wie eine Alternative zur repetitiven Werbelandschaft in der Stadt Zürich aussehen könnte.</p>
<h3>2008</h3>
<p>25. April: Die IG PRG verteilt ein Flugblatt mit einem <a href="https://www.plakat-raum-gesellschaft.ch/wp-content/uploads/2017/06/Gossage_25-04-08_A4.pdf" target="_blank" rel="noopener noreferrer">kritischen Aufsatz des Werbetexters Howard Gossage</a> am «Tag der Werbung» in Luzern. Der Branchenverband <a href="https://www.plakat-raum-gesellschaft.ch/index.php/2008/05/06/piero-schafer-leicht-uberholt/">Schweizer Werbung reagiert mit einer Polemik</a>.</p>
<p>25. Oktober: Die IG PRG reicht beim Zürcher Hochbaudepartement ein Auskunftsbegehren ein, um gesicherte Informationen über Aussenwerbung in Erfahrung zu bringen. Die Stadt antwortet im Januar 2009.</p>
<h3>2009</h3>
<p>15. Januar/1. Oktober: Vorstandsmitglied Christian Hänggi veröffentlicht sein Buch über Werbung und Ethik in <a href="https://www.amazon.de/Hospitality-Age-Media-Representation-Think/dp/0974853461/" target="_blank" rel="noopener noreferrer">englischer</a> und <a href="https://www.amazon.de/Gastfreundschaft-Zeitalter-medialen-Repräsentation-Philosophie/dp/3851659007/" target="_blank" rel="noopener noreferrer">deutscher</a> Sprache.</p>
<p>17. Juni: Christian Hänggi veröffentlicht den <a href="https://www.plakat-raum-gesellschaft.ch/index.php/2009/06/17/blog-die-illusion-der-interaktivitat/">ersten</a> von rund 30 Blog-Beiträgen für den Blog von <a href="http://www.persoenlich.com">persoenlich.com</a>.</p>
<h3>2010</h3>
<p>10. April: Die IG PRG organisiert in der Roten Fabrik ein <a href="https://www.plakat-raum-gesellschaft.ch/index.php/2008/04/07/offentliches-gesprach-uber-aussenwerbung-in-zurich/">öffentliches Gespräch über Aussenwerbung in Zürich</a>. Die Behörden und gegenwärtigen und künftigen Stadträte ziehen es vor, dem Anlass fernzubleiben.</p>
<p>1. Mai: Die IG PRG ist am 1.-Mai-Fest auf dem Kasernenareal mit einem Infostand präsent.</p>
<p>7. August: Christian Hänggi trifft sich in Toronto mit einem Vertreter des <a href="http://www.publicspace.ca" target="_blank" rel="noopener noreferrer">Toronto Public Space Committee</a> für einen Erfahrungsaustausch.</p>
<h3>2011</h3>
<p>27. Mai: Die IG PRG reicht bei der Lauterkeitskommission diverse Beschwerden ein wegen Werbung für alkoholische Getränke in unmittelbarer Nähe von Schulhäusern. Die Lauterkeitskommission <a href="https://www.plakat-raum-gesellschaft.ch/index.php/2011/05/14/lauterkeitskommission-heisst-beschwerde-gegen-clear-channel-gut/">heisst die Beschwerden teilweise gut</a>.</p>
<p>1. August: Die IG PRG präsentiert an der Zürcher Landsgemeinde auf der Ratshausbrücke den Vorschlag eines <a href="https://www.plakat-raum-gesellschaft.ch/index.php/2011/08/04/werbefreier-hauptbahnhof-an-der-zurcher-landsgemeinde/">werbefreien Hauptbahnhofs</a>. Von über 50 Vorschlägen erreicht er den 5. Platz.</p>
<p>4. August: Eine Delegation der IG PRG trifft sich mit Daniel Andres, Leiter Zusatzgeschäfte VBZ, und Thomas Meier, Leiter Verkauf VBZ, für eine Diskussion über Tramwerbung. Die Idee eines Tram-Patronats wird geboren (siehe 2012).</p>
<p>21. September: Eine Delegation der IG PRG diskutiert mit sieben Mitgliedern des Zürcher Gemeinderats die kommende Ausschreibung zur Bewirtschaftung der Plakatflächen. Daraus resultiert eine Dringliche Schriftliche Anfrage, die 43 Mitglieder des Gemeinderats unterschreiben.</p>
<p>14.–16. Oktober: Peter Price und Christian Hänggi halten eine Poster Presentation mit dem Titel <a href="/wp-content/uploads/2017/06/global-fusion-poster.jpg" target="_blank" rel="noopener noreferrer">«Outdoor Advertising: From Ignorance to Disobedience»</a> an der Global Fusion Conference (Thema: Power, Resistance and the Media) in Philadelphia.</p>
<p>29. November: Die IG PRG überreicht Stadtrat André Odermatt ein Konzept, wie die neuen Plakatausschreibungen gestaltet werden könnten. Er antwortet am 21. Dezember.</p>
<h3>2012</h3>
<p>21. Februar: Die IG PRG wird in von Tele Züri in die Sendung <a href="http://www.20min.ch/telezueri/?video_id=239562" target="_blank" rel="noopener noreferrer">TalkTäglich</a> eingeladen, um die neuen Werbetrams zu diskutieren.</p>
<p>3. Mai: Die Vorstandsmitglieder Michael Stebler und Christian Hänggi lancieren auf eigene Faust die Idee eines Patronats für ein <a href="http://www.das-tram.ch">werbefreies Tram</a>.</p>
<h3>2013</h3>
<p>15. Februar: <a href="http://www.weicherumbruch.ch" target="_blank" rel="noopener noreferrer">Weicher Umbruch</a> gestaltet ein wunderschönes Set von drei Postkarten mit dem Titel «Möglichkeiten» für die IG PRG.</p>
<p>26. Oktober: Die IG PRG unterstützt die Demonstration <a href="https://www.plakat-raum-gesellschaft.ch/index.php/2013/10/20/wem-gehort-zurich-demonstration-und-vortrag/">«Wem gehört Zürich?»</a>, zu der rund 10 000 Menschen erscheinen.</p>
<p>31. Oktober: Im Rahmen von «Wem gehört Zürich?» hält IG-PRG-Präsident Christian Hänggi einen Vortrag mit dem Titel <a href="http://www.corner-college.com/Veranstaltungen/1383174000/768" target="_blank" rel="noopener noreferrer">«Wem gehören die Plakatwände?»</a></p>
<p>Dezember: Die IG PRG diskutiert mit Dritten, ob eine kantonale Volksinitiative zur Verringerung der Aussenwerbung lanciert werden soll, verwirft die Idee aber aufgrund der hohen Kosten und Mangel an Personal.</p>
<h3>2015</h3>
<p>26. &amp; 28. Februar: IG-PRG-Präsident Christian Hänggi hält zwei Vorträge über Aussenwerbung an der Kennesaw State University in Georgia, USA.</p>
<p>3. Juni: Die IG PRG überreicht Stadtrat André Odermatt eine <a href="http://www.schönes-zürich.ch">Petition mit 520 Unterschriften</a>, die einen Verzicht auf Werbebildschirme und weitere Leuchtdrehsäulen fordert. Die Antwort erfolgt am 5. November.</p>
<p>16. Dezember: Daniel Morgenthaler führt mit Christian Hänggi ein <a href="https://www.stadt-zuerich.ch/kultur/de/index/institutionen/helmhaus/veranstaltungen/5-Uhr-These/These01512.html" target="_blank" rel="noopener noreferrer">öffentliches Gespräch</a> über Aussenwerbung anlässlich der Ausstellung Welt – Bilder im Helmhaus.</p>
<h3>2016</h3>
<p>1. Februar: Die IG PRG veröffentlicht ein <a href="https://www.plakat-raum-gesellschaft.ch/index.php/2016/02/01/skiferien-ohne-werbeunterbrechung-ig-prg-veroffentlicht-buchlein-mit-werbefreien-skigebieten/">Büchlein mit werbefreien Skigebieten</a>, gestaltet von Miriam Mura.</p>
<p>21. April: Die IG PRG feiert ihr zehnjähriges Jubiläum.</p>
<p>24. Dezember: Die IG PRG verschenkt das Buch <a href="https://www.plakat-raum-gesellschaft.ch/index.php/2016/12/17/frohe-festtage-ig-prg-schenkt-entscheidungstragern-buch-uber-werbung/"><em>Werbung &#8211; Nein danke</em></a> an ausgewählte Entscheidungsträger.</p>
<h3>2017</h3>
<p>21. September: Die IG PRG lanciert nach zehn Jahren eine neue Website, finanziert durch eine Spende, die aus dem Verkauf von APG-Aktien zustandegekommen ist.</p>

<p>2006 29. März: Gründung des Vereins IG Plakat | Raum | Gesellschaft (IG PRG) mit Sitz in Zürich. 20. September: Publikation der Imagebroschüre, gestaltet von Helm Pfohl und Christoph Frei. 2007 17. Januar: Als Guerilla-Aktion setzt die IG PRG im Kaufleuten zur Egon-Verleihung des «Werber des Jahres» der vereinten Werbewelt eigene kleine und grosse Botschaften vor die Nase. Gleichentags lanciert der Verein seine Website. 10. Mai: Die IG PRG reicht Stadträtin Kathrin Martelli&hellip; <a href="https://www.plakat-raum-gesellschaft.ch/index.php/geschichte/" class="more-link">Weiterlesen <span class="meta-nav">&rarr;</span></a></p>
